{"id":64,"date":"2025-04-25T11:51:47","date_gmt":"2025-04-25T09:51:47","guid":{"rendered":"https:\/\/akademia.grzegorzfortuna.eu\/?post_type=product&#038;p=64"},"modified":"2025-04-28T12:13:20","modified_gmt":"2025-04-28T10:13:20","slug":"warsztaty-kulinarne","status":"publish","type":"product","link":"https:\/\/akademia.grzegorzfortuna.eu\/index.php\/produkt\/warsztaty-kulinarne\/","title":{"rendered":"Dro\u017cd\u017cowe wypieki i kruche ciasta"},"content":{"rendered":"","protected":false},"excerpt":{"rendered":"<p>Wizyta w naszej piekarni jest nie tylko niesamowit\u0105 przygod\u0105, ale tak\u017ce wyj\u0105tkow\u0105 okazj\u0105, umo\u017cliwiaj\u0105c\u0105 zdobycie nowych umiej\u0119tno\u015bci i wiedzy w zakresie piekarnictwa. Ze wzgl\u0119du na zr\u00f3\u017cnicowany wiek uczestnik\u00f3w naszych warsztat\u00f3w, przedstawiamy Pa\u0144stwu plany dostosowane do aktualnych program\u00f3w nauczania poszczeg\u00f3lnych etap\u00f3w edukacji. Wizyta w naszej piekarni jest nie tylko niesamowit\u0105 przygod\u0105, ale tak\u017ce wyj\u0105tkow\u0105 okazj\u0105, umo\u017cliwiaj\u0105c\u0105 zdobycie nowych umiej\u0119tno\u015bci i wiedzy w zakresie piekarnictwa. Ze wzgl\u0119du na zr\u00f3\u017cnicowany wiek uczestnik\u00f3w naszych warsztat\u00f3w, przedstawiamy Pa\u0144stwu plany dostosowane do aktualnych program\u00f3w nauczania poszczeg\u00f3lnych etap\u00f3w edukacji. Wizyta w naszej piekarni jest nie tylko niesamowit\u0105 przygod\u0105, ale tak\u017ce wyj\u0105tkow\u0105 okazj\u0105, umo\u017cliwiaj\u0105c\u0105 zdobycie nowych umiej\u0119tno\u015bci i wiedzy w zakresie piekarnictwa. Ze wzgl\u0119du na zr\u00f3\u017cnicowany wiek uczestnik\u00f3w naszych warsztat\u00f3w, przedstawiamy Pa\u0144stwu plany dostosowane do aktualnych program\u00f3w nauczania poszczeg\u00f3lnych etap\u00f3w edukacji. Wizyta w naszej piekarni jest nie tylko niesamowit\u0105 przygod\u0105, ale tak\u017ce wyj\u0105tkow\u0105 okazj\u0105, umo\u017cliwiaj\u0105c\u0105 zdobycie nowych umiej\u0119tno\u015bci i wiedzy w zakresie piekarnictwa. Ze wzgl\u0119du na zr\u00f3\u017cnicowany wiek uczestnik\u00f3w naszych warsztat\u00f3w, przedstawiamy Pa\u0144stwu plany dostosowane do aktualnych program\u00f3w nauczania poszczeg\u00f3lnych etap\u00f3w edukacji.<\/p>\n","protected":false},"featured_media":76,"template":"","meta":{"_acf_changed":false},"product_brand":[],"product_cat":[15],"product_tag":[],"class_list":{"0":"post-64","1":"product","2":"type-product","3":"status-publish","4":"has-post-thumbnail","6":"product_cat-bez-kategorii","7":"bookacti-activity","9":"first","10":"instock","11":"virtual","12":"purchasable","13":"product-type-simple"},"acf":[],"_links":{"self":[{"href":"https:\/\/akademia.grzegorzfortuna.eu\/index.php\/wp-json\/wp\/v2\/product\/64","targetHints":{"allow":["GET"]}}],"collection":[{"href":"https:\/\/akademia.grzegorzfortuna.eu\/index.php\/wp-json\/wp\/v2\/product"}],"about":[{"href":"https:\/\/akademia.grzegorzfortuna.eu\/index.php\/wp-json\/wp\/v2\/types\/product"}],"wp:featuredmedia":[{"embeddable":true,"href":"https:\/\/akademia.grzegorzfortuna.eu\/index.php\/wp-json\/wp\/v2\/media\/76"}],"wp:attachment":[{"href":"https:\/\/akademia.grzegorzfortuna.eu\/index.php\/wp-json\/wp\/v2\/media?parent=64"}],"wp:term":[{"taxonomy":"product_brand","embeddable":true,"href":"https:\/\/akademia.grzegorzfortuna.eu\/index.php\/wp-json\/wp\/v2\/product_brand?post=64"},{"taxonomy":"product_cat","embeddable":true,"href":"https:\/\/akademia.grzegorzfortuna.eu\/index.php\/wp-json\/wp\/v2\/product_cat?post=64"},{"taxonomy":"product_tag","embeddable":true,"href":"https:\/\/akademia.grzegorzfortuna.eu\/index.php\/wp-json\/wp\/v2\/product_tag?post=64"}],"curies":[{"name":"wp","href":"https:\/\/api.w.org\/{rel}","templated":true}]}}